6392. Is m a composite number?
True
Let d be 8 - 4 - (9 - 8). Is 0/5 + d + (-660)/(-3) a prime number?
True
Suppose -3*c = -3*m, 5*m - m = -c. Suppose -5*l - 5*q = -1975, -l + c*q = -q - 397. Suppose 0 = 2*t - 4*h - l - 510, 1776 = 4*t + h. Is t a prime number?
False
Is 62535 - (1 - (5 - (-48)/(-8))) prime?
True
Let m(x) = 2*x - 6. Let j be m(4). Let t be (-16)/(-14) - 1 - (-612)/126. Suppose j*z + 2733 = t*z. Is z prime?
True
Let l(y) = -139*y - 19. Suppose 6*m + h = 2*m + 121, 5*h + 115 = 4*m. Let s be (m/18 - 3)/(2/6). Is l(s) composite?
True
Suppose 3*x = 2*n + 542, 174 = -7*x + 8*x - 4*n. Is 52/x + ((-10554)/(-7) - 1) a composite number?
True
Let x(o) = 9 + 8*o + 1502*o**3 - 14 - 3*o**2 - 517*o**3. Is x(1) a prime number?
False
Let x = -86 - -122. Let g = x + -39. Is (-1 - -3 - g)*379/5 composite?
False
Suppose 3*m = 213877 + 15806. Is m a composite number?
False
Let d(f) = f**3 - 17*f**2 - 17*f - 8. Let i be d(18). Suppose -3*t = -2*o + 6510, 0 = 5*o + 5*t - i*t - 16285. Is o prime?
False
Let g(i) = 63*i + 15. Let a be g(10). Let d = 448 - a. Let m = -58 - d. Is m a composite number?
False
Suppose 7*q - 5*q = 0. Let s be (-1)/(28266/3141 - 9). Suppose -2*x + 4*k - k = -1049, 2*x - 5*k - s = q. Is x a prime number?
False
Suppose -9*b + 23*b - 68465596 = -54*b. Is b composite?
False
Let k(s) = s**2 + 3*s - 8. Let l be k(4). Suppose 0*b - 12 = -3*b, 0 = 2*x + 5*b - l. Let f(a) = -2*a + 157. Is f(x) composite?
False
Suppose -87*n + 27 = -39*n - 39*n. Let f be (18/4)/(6/16). Suppose -3*h - f - 3 = 0, -n*t + 5107 = 4*h. Is t composite?
False
Let w(u) = 42059*u**2 + 47*u - 101. Is w(2) a composite number?
True
Let f = -44504 + 104537. Is f a composite number?
True
Suppose 3*h + 192 = 15*h. Is (45364/h)/((-7)/(-28)) prime?
False
Suppose -5*n = -3*f - 82, f = -n - 2*n - 18. Let t be (f/(-10))/(4/10). Suppose 849 = t*c - 945. Is c a prime number?
False
Let u = -47427 + 170608. Is u composite?
True
Suppose 2*d - 19 = d + 5*n, -4*d = -2*n - 58. Suppose -2*o + 6*o - 5*x + 25 = 0, -10 = 2*o - 2*x. Suppose -q - d + 2625 = o. Is q prime?
False
Let w = 233367 - 164596. Is w a prime number?
True
Let j = -432682 - -732635. Is j a composite number?
True
Suppose 4*u - 2222711 = m, u + 5*m + 192999 = 748661. Is u composite?
False
Is ((-177)/885)/(1/(-79685)) composite?
False
Suppose 169*f - 174*f = 5*u - 114330, 3*u - 2*f - 68623 = 0. Is u a prime number?
True
Suppose -5*j + 10*j - 55665 = 0. Suppose -32000 = -2*f - 0*d + 4*d, 0 = -5*f + 2*d + 79976. Let q = f - j. Is q composite?
False
Let f(v) = v**3 - 86*v**2 + 492*v + 109. Is f(110) prime?
True
Let c(q) = -q - 24. Let n be c(-28). Let r be 3/((-147)/(-14)) + n/(-14). Let y(w) = -w**3 + w**2 + 1317. Is y(r) a prime number?
False
Suppose 3*s + v - 4261557 = 0, 3*v + 1195466 = s - 225053. Is s a prime number?
True
Let f(v) be the third derivative of -11*v**6/120 + v**5/30 - 7*v**4/24 - 7*v**3/6 - 29*v**2. Is f(-6) composite?
True
Let z(f) = 115*f**2 - 61*f - 3961. Is z(-47) prime?
False
Let j(c) = -365*c - 17. Let a(l) = -729*l - 35. Let d(h) = -2*a(h) + 5*j(h). Is d(-2) a composite number?
False
Suppose 4*d - 2*s + 6*s - 80 = 0, -d + 8 = -2*s. Suppose 12*g - d*g + 28319 = 5*u, -3*u + 17005 = -g. Is u prime?
False
Suppose 6*c + a - 5163459 = 0, -c + 484080 = 2*a - 376491. Is c a composite number?
True
Let l = 70 + -71. Let d be -2 + (1 - -1) + l + -2. Let h(k) = -k**3 + 2*k**2 + 3*k + 1. Is h(d) a prime number?
True
Suppose 154*s - 19446946 + 3474528 = 0. Is s a composite number?
True
Let p(w) = -2*w**3 - 2*w**2 - 12*w - 32. Let i be p(-11). Let d = i - -2141. Is d a prime number?
False
Suppose -30 = -18*k + 12*k. Is (-1)/(-9)*(2 - k)*-7797 composite?
True
Is 7188792/18 + 18/(324/30) composite?
False
Suppose -17*o = -24 - 61. Suppose -15128 = -4*j - o*s, -16*j + 18*j + 4*s = 7558. Is j composite?
True
Let c(m) = 407156*m**3 - 6*m**2 + 7*m. Is c(1) composite?
True
Suppose 40 = n - 6*n. Let q(s) = -s - 8. Let c be q(n). Suppose c*k - 5*k + 1055 = 0. Is k composite?
False
Suppose -2*x - 53196 = -14*x. Suppose x = 2*n - 4361. Is n a composite number?
False
Suppose -22*a + 49 = -61. Suppose a*f = 22*f - 120173. Is f a composite number?
False
Is -42*(-3)/9 + 43677 composite?
False
Suppose -15 = -4*j - 99. Let a = j - -21. Suppose -4*z + 4*g + 2552 = a, 3*z + 3*g - 1284 = 648. Is z a composite number?
False
Let t = 118074 + -13583. Is t a prime number?
True
Let v(j) = -53553*j**3 + 2*j**2 + 6*j + 4. Let o be v(-1). Let s = o + -38060. Is s a composite number?
False
Let y(d) be the first derivative of d**7/840 + 7*d**6/120 - d**5/20 - 7*d**4/24 + 31*d**3/3 - 30. Let a(j) be the third derivative of y(j). Is a(-18) prime?
False
Let j be (-701)/(-2 + -5*3/(-15)). Suppose 13*t - j = 430. Is t a composite number?
True
Suppose 2*r + 3*h + 9 = 0, -4*r - 16 = -4*h + 8*h. Let q be (-71)/r - (-4)/(-6). Suppose 0 = 24*m - q*m - 109. Is m prime?
True
Let x = -518 - -228. Let d = -1219 + 1762. Let g = x + d. Is g a prime number?
False
Let t(x) = x**3 - 2*x**2 - 2*x. Let g be 2/(-8) - (-52)/(-16)*-1. Let m be t(g). Suppose 5*k + m*s = 6*s + 1010, -2*k + s + 403 = 0. Is k a prime number?
True
Is (8/16)/((-8)/(-1427024)) a prime number?
True
Let g(c) = -60 - 3*c + 52 + 46 + 51 + 37*c**2 + 16*c. Is g(15) prime?
True
Let a(d) = d + 4. Let s be a(-5). Let x be (s/3)/((-1)/2067). Suppose -4*j - 5*u = -922, 0*u - x = -3*j - 5*u. Is j a prime number?
True
Let t(q) = q**3 + 29*q**2 + 6*q - 69. Let d be t(-28). Suppose 0*h - 580 = -h + 3*o, 1716 = 3*h + 3*o. Let z = h + d. Is z a prime number?
False
Let t = -239 + 244. Suppose 2124 = t*n - 2231. Is n composite?
True
Suppose -2*f = -5*k - 15079 - 3197, 0 = -3*k + 6. Is f prime?
False
Let u(w) = 5 + 3 + 3090*w**3 + w - 9 - 2*w**2. Let c be u(1). Suppose h - 4*j = 1539, 3*h - h + 2*j - c = 0. Is h a prime number?
True
Let o(i) = i - 21. Suppose -z - 13*d = -8*d - 7, 57 = 3*z - 3*d. Let y be o(z). Is (1 + 539/2)/((-2)/y) composite?
False
Let g = -46587 + 85881. Let p = g + -28037. Is p composite?
False
Let k(f) = 835*f - 1453. Is k(5) prime?
False
Let r = 397 - 387. Suppose 0 = r*i + 1883 - 12703. Is i a prime number?
False
Is 5 + 27/(18201/(-6068) + 3) a prime number?
True
Suppose -5*q + 10 = -2*v, -7*q + 12*q = 10. Suppose -w + 1 = v, -13*u + 9*u + 2*w = -25410. Is u a composite number?
False
Is (-11)/(44/30)*(-2391234)/15 prime?
False
Let i(k) be the second derivative of 13*k**7/2520 - k**6/72 + k**5/40 - 11*k**4/12 - 25*k. Let z(s) be the third derivative of i(s). Is z(8) composite?
True
Suppose 23*n = 3936 + 15407. Is n a prime number?
False
Suppose 3*l - 13006424 = -9*l + 4*l. Is l composite?
False
Let r be -1876 - 0 - (17 - 13). Let g = -379 - r. Is g prime?
False
Suppose -5*k - 5 = 0, -k = -17*j + 13*j + 28901. Let z = j - -11610. Is z a prime number?
False
Let x = 166694 + -37899. Is x composite?
True
Let z be -2 + 14/(-77) + 229/(-11). Let a(y) = y**2 + 25*y + 47. Let d be a(z). Is 628 - (6/8)/(d/(-4)) a prime number?
True
Suppose 1440990 = 2*p - 3*a, a - 2881994 = -29*p + 25*p. Is (1/(-2))/1 - p/(-92) composite?
True
Suppose 12 = 2*s + 14. Is (-3 - (-2 - 4)) + (-7318)/s a prime number?
True
Suppose -15*a = -61*a - 414. Let w(m) = -40*m - 16. Let z(n) = -n + 1. Let s(l) = w(l) - 3*z(l). Is s(a) a prime number?
False
Suppose -18*s = -5*q - 22*s + 60, 5*q + 3*s - 65 = 0. Let i = q + 235. Is i composite?
False
Let z(i) = -4*i - 7. Let w be z(-5). Suppose 11 = -w*m + 37. Suppose -m*j = 2127 - 8257. Is j prime?
False
Suppose 0 = 7*u + 59 - 80. Suppose -n = -w - 68 - 3241, -9927 = -u*n - 4*w. Is n a composite number?
True
Let b(p) = p**3 - 7*p**2 - 8*p + 10. Let r be b(9). Suppose -2*z - x = 963 - r, 3*x = -4*z - 1723. Is (6 - z) + 6 + -2 composite?
False
Suppose 0 = g - 4*l - 22655, -2 = l - 4. Is g prime?
False
Suppose -2*t + 39 = -5*q, 40 = 5*t + q - 44. Suppose 5*a = b + 4*a - 578, 4*b + 3*a = 2284. Let y = b + t. Is y a composite number?
True
Let l = 2870812 - 1090239. Is l composite?
False
Let j(y) = -y**3 - 3*y**2 + 3*y + 2. Let k be j(-4). Let f be 77/21 + (-4)/k. Suppose 5*o - 3510 = -5*p, 0 = -4*p - f*o + o + 2810. Is p composite?
True
Suppose 21*i - 20*i = 0, -5*d + 151835 = -i. Is d prime?
True
Is 555804/24 + (-2)/(-4) prime?
True
Let r be (-2190)/(-10 + 17/2). Suppose -2*